)/p).
17
Suppose -6*i = -5*i + 2*k - 7, 6 = 4*i - 3*k. Suppose 2082 = 12*u - 9*u - q, -i = -q. List the prime factors of u.
5, 139
Suppose -3*v + 6 + 9 = 0. Suppose v*u + 1872 = -378. List the prime factors of u/(-8) - (-2)/(-8).
2, 7
Let c = 17 + -15. Suppose -k + 40 = 3*f, -c*k + 0*k - 4*f + 86 = 0. Let a = k + 3. List the prime factors of a.
2, 13
Let n = 263 + -268. Let j(u) = -3*u**2 + 12*u**2 + 5*u + u**3 + 8 - u. List the prime factors of j(n).
2, 11
Let d be 18/(-135) + (-9771)/(-45). Let p = d + 426. List the prime factors of p.
643
Let d be (-8)/14*(-119)/34. Let t be d*((-85)/(-2) - 1) - -3. Suppose -3*q - 294 = -3*y, 0*q - t = -y + 4*q. List the prime factors of y.
2, 3, 17
Let b(k) = k**2 + 4*k. Let q be b(-5). Suppose -p - 4*a = a - 216, -q*p = -4*a - 1109. What are the prime factors of p?
13, 17
Suppose -5*k = 4*u - 137019 - 73219, -5*k = -2*u - 210196. What are the prime factors of k?
2, 3, 7, 11, 13
Suppose -115*g + g - 1824 = 0. Let m(p) = -6*p + 2. Let d(j) = 6*j - 3. Let l(r) = -3*d(r) - 2*m(r). List the prime factors of l(g).
101
Suppose b + 0*b = 415. Suppose 0 = -11*d + 1983 + b. List the prime factors of (-5 - d/8)/((-6)/8).
43
Let t = -7809 - -9405. What are the prime factors of t?
2, 3, 7, 19
Let z(s) = s**3 - 2*s**2 - 3*s + 4. Let y be z(3). Let a(i) = 7*i + i - 5*i - 2*i**2 + 3*i**2 + 7 - 2*i. List the prime factors of a(y).
3
Let o(d) = -22*d**3 - 40*d**2 - 141*d + 13. What are the prime factors of o(-10)?
19423
Suppose 8*m - 13*m - 2*h + 97578 = 0, 4*m - 78068 = 4*h. List the prime factors of m.
2, 7, 17, 41
Let x = -714 - -747. Let q(c) = 43*c - 53. List the prime factors of q(x).
2, 683
Let k(s) = -s**3 - 14*s**2 + 3*s - 28. Let p be k(-15). Suppose 7*z - 3*z = 940. Let u = z - p. What are the prime factors of u?
83
List the prime factors of (-4 + 1)*-7056 - (-70)/(-7).
2, 71, 149
Let p = -27 + 50. Suppose -5*c = -5*w - 65, -165*w = -162*w - 9. Suppose 13*t - c = p. List the prime factors of t.
3
Suppose 29190 = 5*k + 30*u - 25*u, -15 = 3*u. What are the prime factors of k?
5843
Suppose -11*c + 45960 = -31*c. What are the prime factors of 2*(-6)/24*(c - 4)?
1151
Let f = -543 - -559. Let r(d) = 24*d + 331. What are the prime factors of r(f)?
5, 11, 13
Suppose 15*y = 244 + 896. Suppose -9*b + 10058 + y = 0. What are the prime factors of b?
2, 563
Suppose 0*k = 2*k + 2*i - 18, 3*k = -i + 21. Suppose -k*d + 14*d = 5584. List the prime factors of d.
2, 349
Let t(j) = -j**3 - 5*j**2 - j + 25. Let b be t(-5). Let f be 2/(-3)*b/20. Let m = 27 - f. List the prime factors of m.
2, 7
Suppose 2813 = w - 4*c, 30*w - 26*w - 11182 = 2*c. List the prime factors of w.
3, 7, 19
Suppose 3*i = -2*j + 28119 - 5097, -46040 = -4*j - 4*i. What are the prime factors of j?
2, 3, 7, 137
Suppose -19 = -c - 2*z, 2*c = -360*z + 359*z + 38. List the prime factors of c.
19
Suppose 0 = -3*d + 12, -4 = -2*h - 2*d - d. Let p be 5 - 18/h - 6/(-4). Suppose p*y + 200 - 904 = 0. What are the prime factors of y?
2
Suppose -3248 = 3*n - 20675. List the prime factors of n.
37, 157
Suppose -3*d + 6 = i, d - 26 = -3*i - 8. Suppose -i*t + 8730 = 2304. What are the prime factors of t?
3, 7, 17
Let y = -353 - -356. Let v(w) = w**2 - 2. Let a be v(2). Suppose -2*b = -a*p - 0*b + 376, 4*p + y*b = 759. List the prime factors of p.
3, 7
Suppose 25*n - 9*n = 5344. Suppose 0 = 4*c - 1286 + n. What are the prime factors of c?
2, 7, 17
List the prime factors of 15/(-18)*1 + -1 + 398237/42.
2, 3, 5, 79
Let h(l) be the first derivative of -93*l**2/2 + 247*l - 311. List the prime factors of h(-8).
991
Let x be (4 - 6 - 5)/1. Let l be (-174)/42 - -4 - 323/x. Suppose g + 79 + l = 3*h, 5*h - 209 = 2*g. What are the prime factors of h?
41
Suppose 57*n - 379008 = -33*n + 18*n. What are the prime factors of n?
2, 7, 47
Let s(p) = -p**3 - 5*p**2 + 3*p + 1. Let f be s(-6). Suppose 0 = -2*z + 2*k - 1 + f, -2*z - 4*k + 6 = 0. Suppose 520 = z*y + 3*y. List the prime factors of y.
2, 13
Let i(g) = 1996*g - 993. List the prime factors of i(5).
11, 19, 43
List the prime factors of 5582131/129 + (-16)/(-6).
3, 5, 577
Suppose 4*g - 3*c = 44060, 26826 + 6219 = 3*g - 4*c. List the prime factors of g.
5, 2203
Let r(s) be the second derivative of -79*s**3/6 - 12*s**2 - 4*s + 14. List the prime factors of r(-4).
2, 73
Let s = 51304 + -29081. List the prime factors of s.
71, 313
What are the prime factors of 4 + 60617 + -28 + 4?
3, 6733
Suppose a = -2*c + 5431, -4*c + 3260 + 7617 = -3*a. What are the prime factors of c?
11, 13, 19
Let y(c) = 8*c**3 + 2*c - 2. Let o be y(1). Suppose 56*g - o = 58*g. Let h = 19 - g. What are the prime factors of h?
23
Let d(p) = p**2 + 16*p + 29. Let g be d(-13). List the prime factors of g/3*1464/(-20).
2, 61
Suppose 13*q - 4 = 9*q. Suppose 95 - 1 = 2*n. Suppose q - n = -k. What are the prime factors of k?
2, 23
Let q = -27 - -29. Suppose b - 104 = 3*v, v - 4*b = -q*b - 28. Let c = v + 197. What are the prime factors of c?
7, 23
Let b(h) = -h**3 - 9*h**2 + 6*h + 13. Let k be b(-11). Suppose -11*d - k = -8*d. What are the prime factors of ((-89)/2 + 1)*84/d?
2, 29
List the prime factors of (-435)/348 + (-26516)/(-16).
2, 3, 23
Suppose r - 3*k = -19, 4*k - 1 = -2*r - 19. Let w(n) = -n**2 - 23*n - 29. Let q be w(r). Let v = 145 - q. List the prime factors of v.
2, 11
Let b(n) = 18610*n + 546. What are the prime factors of b(1)?
2, 4789
Suppose 0 = 7*p + 237 - 202. List the prime factors of ((-9864)/(-60))/((-1)/p).
2, 3, 137
Let k be (-3)/1 - (-7 + -11). Suppose -h + 4*p - 12 = -5*h, -5*p = 4*h - k. List the prime factors of (0 - h) + (141 - 5).
2, 17
Suppose 5*r = 45*d - 42*d + 226515, 3*r - 2*d - 135908 = 0. List the prime factors of r.
2, 3, 839
Let x be (-33)/(10/8*132/(-110)). Suppose 0 = -18*h + x*h - 2616. What are the prime factors of h?
2, 3, 109
Let f = 12 - 7. Let k(a) = -a**3 - 7*a**2 + 40*a + 105. Let q be k(-10). Suppose q*c - 2*c + 3*i - 111 = 0, -f*c + 181 = 3*i. What are the prime factors of c?
5, 7
Let o(t) = -t**3 - 15*t**2 + 2*t - 19. Let r be o(-15). Let u = -32 - r. Let z = u + 43. What are the prime factors of z?
2, 3, 5
Suppose 56*h + 83*h - 114*h = 18850. What are the prime factors of h?
2, 13, 29
Suppose 4*k + 10 = -5*p, -p - k = 4*k + 23. Suppose -6*j - p*j + 1472 = 0. Suppose -2*i = 2*s - j, -s + 3*s - 182 = -i. List the prime factors of s.
2, 3, 5
Let v = -4789 + 9323. List the prime factors of v.
2, 2267
Suppose 4*a + 728 = 4*n, -4*n + 4*a - 892 = -9*n. What are the prime factors of n?
2, 3, 5
Let o be (-1 - -8)*(-12)/(-42). Suppose -5*x = -5*s + 1704 + 721, 0 = -s - o*x + 497. What are the prime factors of s?
3, 163
Let x = 227 + -299. What are the prime factors of (-33512)/x + 12/(-27)?
3, 5, 31
Let y = 45256 - 29397. What are the prime factors of y?
15859
Suppose 10*g = -104 + 14. List the prime factors of ((-7)/(42/g))/(3/4).
2
Suppose -3*f + 5*s + 3245 = 0, 5*f - 5008 = -s + 363. Suppose 8*o + 5*m = 3*o + f, -m = -5*o + 1093. List the prime factors of o.
2, 109
Let l(m) = -65*m - 62. Suppose -4*c = -4*a + 16, -4*c - 4 = 2*a + 6. List the prime factors of l(c).
7, 19
Let h be (-8)/2 - (25 + -58). Let p = 33 - h. Suppose p = -c + 2*c. What are the prime factors of c?
2
Suppose 5*j + 2*b = -2*b + 62, -3*j - 4*b = -34. Suppose -j = g - 139. Let l = g - 68. What are the prime factors of l?
3, 19
Suppose 0 = -5*g + 10, 491*n - 33138 = 489*n - g. What are the prime factors of n?
2, 19, 109
Let o(b) = 32*b + 878. What are the prime factors of o(27)?
2, 13, 67
Let y be (-289)/(6 - 2 - 3). Let j = 600 + y. What are the prime factors of j?
311
Let a = 492 - 490. Suppose -a*n - 4*b + 1890 = 0, 899 = 5*n - 4*b - 3868. What are the prime factors of n?
3, 317
Suppose -3302*w - 379316 = -3333*w. List the prime factors of w.
2, 7, 19, 23
Suppose q = 3*x + 6*q - 466, 4*x + 3*q - 625 = 0. Let r = 35 + x. Let z = r - 109. List the prime factors of z.
83
Let c(d) = d**3 + 9*d**2 + 6*d + 9. Let f be c(-6). Suppose -4*o = 3*q - f, 63 = 3*q + 2*o - 12. List the prime factors of q.
23
Let o(w) = -w**3 + 5*w**2 + 5*w - 25. Let t be o(8). Let f = t - -321. List the prime factors of f.
2, 3
Suppose -6*d = 2*y - 46758, -85*y - 5*d - 70123 = -88*y. List the prime factors of y.
2, 3, 487
Let t(f) = -11*f - 2. Let r be t(-1). Suppose l = -m - 23, -6 = -